ue
Let y(z) = z**3 + 9*z**2 + 12*z - 12. Let g be y(-6). Let v = g + -12. Let f(s) = 27*s - 1. Is f(v) prime?
False
Let u be 1 + -2 - (0 + -3). Let z be (10/20)/(u/(-3164)). Let t = 1405 + z. Is t composite?
True
Let l(f) = 6*f**2 + f. Let z(u) = 334*u**2 + u + 1. Let b(a) = -l(a) + z(a). Let g = 16 - 18. Is b(g) a composite number?
True
Let j = 355949 + -236496. Is j a prime number?
False
Let t(p) = 1080*p + 1. Let q(c) = 1081*c. Let r(d) = -4*q(d) + 5*t(d). Is r(1) a composite number?
True
Suppose 10*y - 10 = 5*y. Suppose 1390 = -2*r - y*v, 4*v + 2784 = -4*r + v. Let m = -392 - r. Is m prime?
True
Let n(z) = -1001*z - 29. Let h be (-4 - -1) + -4 + (0 - -5). Is n(h) a prime number?
True
Let k = 200 - 195. Is k + (-1 - -651) - -4 composite?
False
Suppose 3*n - 3350 = -7*n. Let h be (n/(-2))/(5/(-2) + 2). Let b = 816 + h. Is b a composite number?
False
Suppose -8 = -3*x - 2. Suppose -5*q = -3*d - 6367, -2*q + x*d + 2543 = -3*d. Suppose -q = -7*j + 203. Is j composite?
False
Suppose 5*j + 4*j - 5*j = 0. Suppose j = -3*n - 15, 3*n = -i - 573 + 2614. Let u = -1179 + i. Is u prime?
True
Suppose -4*s + 0 = -12. Let z be 1/s - ((-38)/3 + 5). Suppose -2*p - z = -36. Is p composite?
True
Let z be 7/5 - 76059/135. Let j(d) = 21*d + 1. Let v be j(-4). Let n = v - z. Is n prime?
True
Let l = -96 - -84. Let b = l + 16. Let w(o) = 3*o**3 - 9*o**2 + 7*o - 9. Is w(b) a composite number?
False
Suppose 2*t = -2, -3*p - 2*t - 8 = -5*p. Let x(a) = 8 + 12*a - 14 - p - 30. Is x(18) a composite number?
True
Let f = 13 - 17. Let y = f - -84. Is 10/y - 10766/(-16) a composite number?
False
Suppose 32*u + 51*u - 1291863 = -4*u. Is u prime?
False
Is ((-166803)/63 + 3)*(-7)/(-2)*-3 a prime number?
False
Is (-40)/(-70)*69835227/66 a prime number?
False
Let b(c) = -12305*c - 2194. Is b(-13) a prime number?
True
Suppose -2*a - 412 = 4*o, -4 + 12 = -2*a. Let k = o - -103. Suppose 11 = k*x + 1, -2*z = 2*x - 10200. Is z composite?
True
Let w be (17/(-68)*1334)/(1/4). Let d(g) = 79*g**3 + 2*g**2 + 2*g + 3. Let a be d(-2). Let z = a - w. Is z composite?
False
Let w(b) = b**3 - 8*b**2 - 22*b + 117. Let u be w(9). Suppose -5*v - 4*o = 555 - 4394, 3*v + 4*o - 2297 = u. Is v prime?
False
Let f(p) be the third derivative of 199*p**5/20 - 13*p**4/24 + 25*p**3/6 - 37*p**2. Is f(3) composite?
True
Let k(o) = o - 286 - 6*o + 289 + 21*o**2. Let t be (5/(-2))/((-9)/(-18)). Is k(t) a prime number?
False
Let h be 0*1*5/(-10). Let r(j) = -3*j + j**2 + h*j - 521 + 1980. Is r(0) a composite number?
False
Let h(r) be the first derivative of 5*r**3/3 - 21*r**2 - 4*r - 4. Is h(19) composite?
True
Suppose -6*f = 3*f. Suppose f = 44*j - 13*j - 32333. Is j prime?
False
Let r(t) = 16 - 39*t - 6*t**2 - 3*t**3 + 58*t + 11. Is r(-13) a composite number?
True
Let n be (-5 - -8) + 1 - (-879)/(-1). Let w = 7593 + n. Is w a composite number?
True
Let a(p) = 10102*p**2 + 103*p + 16. Is a(5) prime?
True
Suppose 84*g + 1068427 = 137*g. Is g a prime number?
False
Suppose 3*r + 4775 = 2*h - 0*h, 4*h - 9565 = 3*r. Is h a composite number?
True
Let w = 355300 + 109177. Is w a prime number?
False
Let u be (-1)/(9/2) - 136/36. Let z(v) = -4*v - 14. Let y be z(u). Is ((-1)/(-2))/(y/844) a composite number?
False
Let k be (-200)/(-12)*195/2. Let b = 2998 - k. Is b a composite number?
False
Suppose -34*d + 35*d = 4. Let m(k) = 39*k**3 - 8*k**2 + 34*k - 1. Is m(d) a composite number?
False
Let h(x) = 53*x**2 + 56*x + 10. Let p(q) = 54*q**2 + 55*q + 11. Let s(n) = -4*h(n) + 5*p(n). Is s(-10) prime?
False
Let f = 76 - 54. Suppose 20*a = f*a - 1082. Is a prime?
True
Suppose -3*h + 12311 = 2*w, 3*h - 3*w - 15957 = -3666. Suppose 3*a - 12*n + 11*n = 12335, 5*n = -a + h. Is a a prime number?
True
Suppose k - 2*k + 7 = 5*h, 0 = 4*k - 2*h - 6. Suppose -5*f + k*m + 2*m = -4413, f - 2*m - 879 = 0. Let o = -392 + f. Is o a prime number?
False
Let h(w) = -w**3 - 3*w**2 + w + 8. Let u be h(0). Let i be (-1)/u*-2 - (-75)/(-12). Let d(l) = 13*l**2 - 19*l - 9. Is d(i) composite?
True
Suppose -20 = 5*t, 0*t = 4*i - t - 20. Is ((-9)/(-6))/(i/1336) a composite number?
True
Suppose 52 + 4 = 4*o. Suppose 8*q = o*q - 24. Suppose 4 = -4*i, -i + 3*i + 2086 = q*x. Is x composite?
False
Suppose -101*o + 102*o + 6 = 0, o - 45566 = -2*z. Is z prime?
False
Let k be 1*(-4 - (-4 + 17)). Let m = -8 - k. Is (m + -1)*(-586)/(-8) a composite number?
True
Suppose -7*y + 289*y = 100478010. Is y a composite number?
True
Let y(r) = 314*r - 1. Let g be y(-1). Let w(p) = 101*p**2 - 18*p + 43. Let t be w(3). Let s = t + g. Is s a composite number?
True
Suppose -43*d + 17*d - 130 = 0. Let i(a) = -3*a**3 - 8*a**2 - 5*a + 21. Is i(d) a prime number?
False
Let i(g) be the third derivative of 5*g**6/36 - 13*g**5/120 + 5*g**4/24 - 2*g**3 - 9*g**2. Let k(z) be the first derivative of i(z). Is k(-6) prime?
False
Let f = 152 - 85. Let p = 55 - f. Is ((2372/p)/1 - -2)*-3 composite?
False
Suppose -5*q - 38*u + 37*u = -5888238, 3*q + 4*u = 3532953. Is q a prime number?
False
Suppose -11*j = -110660 - 332651. Is j a prime number?
False
Let r be ((-22)/(-6))/(2/726). Suppose -m + 2130 = -3*g, g - 2*g + 3*m - 718 = 0. Let q = r + g. Is q composite?
True
Let s(n) = 35203*n + 2543. Is s(6) composite?
True
Let a be 743192/(-14) + 4/28. Let d = -35840 - a. Is d composite?
True
Let c(o) = -36*o + 13. Suppose -5*u + 3*s = -1083, 4*u = u + s + 649. Let f be (-2)/(-9) + (-1560)/u. Is c(f) prime?
False
Let z = 93 - 91. Suppose 4*s - 261 = -m + z*s, 3*s + 266 = m. Is m a prime number?
True
Let j(q) = 354*q - 61. Is j(58) composite?
True
Let h = 176451 + 76631. Is h a prime number?
False
Let o = 95412 - 62663. Is o a composite number?
False
Suppose -5*q + 14 + 11 = 0. Suppose 3 + 17 = -q*j. Let i(k) = 8*k**2 + 17. Is i(j) a prime number?
False
Let x(v) = -v**2 + 52. Let p be x(7). Suppose n - p*t - 824 = 0, -5*n + 4*t = 8*t - 4215. Is n a prime number?
True
Let q = 523983 - 280072. Is q a prime number?
True
Let z = -576 - -573. Let c(l) = 401*l**2 + 11*l + 53. Is c(z) prime?
False
Let s(f) = 36*f**2 + 4*f - 15. Let h = 52 + -45. Is s(h) a composite number?
False
Let a = 2828992 - 964995. Is a a prime number?
True
Let s be 8/44 - 1149/(-33). Let a be s + (7 - 6)/(1/3). Suppose a = -r + 445. Is r composite?
True
Let g(z) = 518*z - 39. Suppose -34*l + 232 = -40. Is g(l) composite?
True
Let u(g) = -2*g. Let h(b) = -1132*b + 1. Let s(t) = -h(t) - 3*u(t). Is s(3) prime?
True
Let n(i) = i - 163. Let v(k) = 81. Let q(l) = 4*n(l) + 9*v(l). Suppose -y + 10 = -5*f, 5*y = -2*f - 4 - 0. Is q(y) prime?
False
Suppose -2*x + 1230 = -2*g, 0*x + 3075 = -5*g + 3*x. Let l be 32/8*g/(-4). Suppose l + 310 = 5*t. Is t a prime number?
False
Suppose -3*n - 208*o + 209*o + 102078 = 0, -o = -3. Is n composite?
True
Suppose 4*w = w, 535 = 5*v - w. Let f = 103 + 205. Let i = f + v. Is i prime?
False
Is (-199898)/6*-1*(-9 - -12) prime?
False
Let v(d) = -7731*d - 1873. Is v(-12) a prime number?
False
Let j(g) = 35*g**2 + 17*g + 31. Suppose 0 = 9*n - 20 + 128. Is j(n) a prime number?
False
Suppose p = 5*j - 59974 + 14242, 3*j - 27444 = -p. Is j composite?
True
Let a be 1 + (-1)/2 - 3/6. Suppose 3*q - 49 + 49 = a. Suppose -o + 9 = -q. Is o a composite number?
True
Let a be 2/3 + (-9192)/(-9). Let i = -375 + a. Is i a prime number?
True
Suppose -7306 = -18*q + 3152. Suppose n + 96 - q = 0. Is n a composite number?
True
Suppose 0 = -3*z + 5*q - 9673, -2*z - 16135 = 3*z + 5*q. Let r(v) = -27*v**3 - 2*v**2 + 5*v - 1. Let w be r(-6). Let d = w + z. Is d composite?
False
Let h = 7889 + -3884. Suppose -12759 = 6*d - h. Let v = d + 2168. Is v prime?
True
Suppose -16152 = -8*c + 56912. Is c a prime number?
True
Let g = 28191 + -14836. Is g composite?
True
Let t(g) = -4*g**3 - 123*g**2 + 17*g - 199. Is t(-49) prime?
True
Let j = 60262 + -35525. Is j prime?
False
Let n = -51 + 55. Let k(v) = 661*v**2 + 10*v - 4. Let j be k(n). Is (-4)/(-18) + j/36 a composite number?
True
Let y(m) = m**3 + 13*m**2 + 22*m + 3. Let t be y(-11). Let b(v) = 64*v**3 + 6*v**2 - v - 10. Is b(t) composite?
True
Let u = -17600 + 25791. Is u a prime number?
True
Let o(k) = -15*k**2 - 2 + 4 + 5*k + 5032*k**3 + 6*k**2 - 5 + 4*k**2. Is o(2) prime?
False
Let u = -395 - -407. Is ((-4)/u - 0)*-18003*1 prime?
False
Let c(w) = -47*w**2 + 7*w - 25. Let u be c(1